{"id":19,"date":"2018-05-12T11:30:54","date_gmt":"2018-05-12T09:30:54","guid":{"rendered":"http:\/\/hofladen-rathmayr.at\/?page_id=19"},"modified":"2018-06-07T13:21:28","modified_gmt":"2018-06-07T11:21:28","slug":"familie-rathmayr","status":"publish","type":"page","link":"https:\/\/hofladen-rathmayr.at\/index.php\/familie-rathmayr\/","title":{"rendered":"Familie Rathmayr"},"content":{"rendered":"<p>[et_pb_section bb_built=&#8220;1&#8243; _builder_version=&#8220;3.0.47&#8243; custom_padding=&#8220;22px|0px|7px|0px&#8220; next_background_color=&#8220;#000000&#8243;][et_pb_row custom_padding=&#8220;29px|0px|0|0&#8243; background_color_1=&#8220;#f2f2f2&#8243; padding_top_1=&#8220;20px&#8220; padding_right_1=&#8220;20px&#8220; padding_bottom_1=&#8220;20px&#8220; padding_left_1=&#8220;20px&#8220; _builder_version=&#8220;3.1.1&#8243; background_size=&#8220;initial&#8220; background_position=&#8220;top_left&#8220; background_repeat=&#8220;repeat&#8220; module_alignment=&#8220;center&#8220; animation_style=&#8220;fade&#8220;][et_pb_column type=&#8220;1_3&#8243;][et_pb_text _builder_version=&#8220;3.1.1&#8243; text_font=&#8220;Droid Serif||||||||&#8220; text_text_color=&#8220;#3a3a3a&#8220; header_font=&#8220;||||||||&#8220; header_3_font=&#8220;Droid Serif||||||||&#8220; header_3_text_color=&#8220;#0f8700&#8243;]<\/p>\n<h3>Wir sind ein traditioneller Familienbetrieb seit \u00fcber<br \/>\n25 Jahren.<\/h3>\n<p>Wir haben 2009 den elterlichen Betrieb und Erbhof \u00fcbernommen.<\/p>\n<p><img loading=\"lazy\" class=\"wp-image-452 alignnone size-medium\" style=\"display: block; margin-left: auto; margin-right: auto;\" src=\"https:\/\/hofladen-rathmayr.at\/wp-content\/uploads\/2018\/06\/Rathmayr-Erbhof-300x225.jpg\" alt=\"\" width=\"322\" height=\"242\" srcset=\"https:\/\/hofladen-rathmayr.at\/wp-content\/uploads\/2018\/06\/Rathmayr-Erbhof-300x225.jpg 300w, https:\/\/hofladen-rathmayr.at\/wp-content\/uploads\/2018\/06\/Rathmayr-Erbhof-768x576.jpg 768w, https:\/\/hofladen-rathmayr.at\/wp-content\/uploads\/2018\/06\/Rathmayr-Erbhof-1024x768.jpg 1024w, https:\/\/hofladen-rathmayr.at\/wp-content\/uploads\/2018\/06\/Rathmayr-Erbhof-510x382.jpg 510w, https:\/\/hofladen-rathmayr.at\/wp-content\/uploads\/2018\/06\/Rathmayr-Erbhof-1080x810.jpg 1080w, https:\/\/hofladen-rathmayr.at\/wp-content\/uploads\/2018\/06\/Rathmayr-Erbhof.jpg 1600w\" sizes=\"(max-width: 322px) 100vw, 322px\" \/><\/p>\n<p>[\/et_pb_text][\/et_pb_column][et_pb_column type=&#8220;2_3&#8243;][et_pb_image src=&#8220;https:\/\/hofladen-rathmayr.at\/wp-content\/uploads\/2018\/06\/Familie-Rathmayr-2018.jpg&#8220; _builder_version=&#8220;3.1.1&#8243; background_color=&#8220;#ffffff&#8220; custom_margin=&#8220;|||0px&#8220;]<br \/>\n[\/et_pb_image][\/et_pb_column][\/et_pb_row][et_pb_row custom_padding=&#8220;10px|0px|6px|0px&#8220; _builder_version=&#8220;3.1.1&#8243; module_alignment=&#8220;center&#8220;][et_pb_column type=&#8220;1_2&#8243;][et_pb_text _builder_version=&#8220;3.1.1&#8243; text_font=&#8220;Droid Serif||||||||&#8220; header_font=&#8220;||||||||&#8220;]<br \/>\n[\/et_pb_text][et_pb_text _builder_version=&#8220;3.1.1&#8243; text_font=&#8220;Droid Serif||||||||&#8220; text_text_color=&#8220;#000000&#8243; max_width=&#8220;82%&#8220;]<\/p>\n<p style=\"text-align: justify;\">Uns ist h\u00f6chste Qualit\u00e4t und artgerechte Haltung der Tiere ein grosses Anliegen.\u00a0Unsere Schweine geniessen den Luxus auf Stroh zu leben werden durch betriebseigene Futtermittel versorgt.<\/p>\n<p><img loading=\"lazy\" class=\"wp-image-437 alignnone size-large\" src=\"https:\/\/hofladen-rathmayr.at\/wp-content\/uploads\/2018\/06\/Hofladen-Rathmayr-Schweinestall-1024x709.jpg\" alt=\"\" width=\"424\" height=\"294\" srcset=\"https:\/\/hofladen-rathmayr.at\/wp-content\/uploads\/2018\/06\/Hofladen-Rathmayr-Schweinestall-1024x709.jpg 1024w, https:\/\/hofladen-rathmayr.at\/wp-content\/uploads\/2018\/06\/Hofladen-Rathmayr-Schweinestall-300x208.jpg 300w, https:\/\/hofladen-rathmayr.at\/wp-content\/uploads\/2018\/06\/Hofladen-Rathmayr-Schweinestall-768x532.jpg 768w, https:\/\/hofladen-rathmayr.at\/wp-content\/uploads\/2018\/06\/Hofladen-Rathmayr-Schweinestall-1080x748.jpg 1080w, https:\/\/hofladen-rathmayr.at\/wp-content\/uploads\/2018\/06\/Hofladen-Rathmayr-Schweinestall.jpg 1600w\" sizes=\"(max-width: 424px) 100vw, 424px\" \/><\/p>\n<p>[\/et_pb_text][\/et_pb_column][et_pb_column type=&#8220;1_2&#8243;][et_pb_text _builder_version=&#8220;3.1.1&#8243;]<br \/>\n[\/et_pb_text][\/et_pb_column][\/et_pb_row][et_pb_row custom_padding=&#8220;10px|0px|27px|0px&#8220; _builder_version=&#8220;3.1.1&#8243;][et_pb_column type=&#8220;1_2&#8243;][\/et_pb_column][et_pb_column type=&#8220;1_2&#8243;][et_pb_text _builder_version=&#8220;3.1.1&#8243; text_font=&#8220;Droid Serif||||||||&#8220;]<\/p>\n<p><span style=\"color: #000000;\">Wir freuen uns \u00fcber die vielen Auszeichnungen f\u00fcr unseren Speck.<\/span><\/p>\n<p><span style=\"color: #000000;\"><em><strong>Speckkaiser (<\/strong>M\u00e4rz 2018) &#8211; Schinkenspeck<\/em><\/span><br \/>\n<em><span style=\"color: #000000;\"><strong>SpreckKrone (<\/strong>Mai 2018) &#8211;\u00a0Schinkenspeck<\/span><br \/>\n<\/em><br \/>\n<img loading=\"lazy\" class=\"wp-image-467 alignnone size-large\" src=\"https:\/\/hofladen-rathmayr.at\/wp-content\/uploads\/2018\/06\/Rathmayr-Auszeichnungen-1024x512.jpg\" alt=\"\" width=\"1024\" height=\"512\" srcset=\"https:\/\/hofladen-rathmayr.at\/wp-content\/uploads\/2018\/06\/Rathmayr-Auszeichnungen-1024x512.jpg 1024w, https:\/\/hofladen-rathmayr.at\/wp-content\/uploads\/2018\/06\/Rathmayr-Auszeichnungen-300x150.jpg 300w, https:\/\/hofladen-rathmayr.at\/wp-content\/uploads\/2018\/06\/Rathmayr-Auszeichnungen-768x384.jpg 768w, https:\/\/hofladen-rathmayr.at\/wp-content\/uploads\/2018\/06\/Rathmayr-Auszeichnungen-1080x540.jpg 1080w, https:\/\/hofladen-rathmayr.at\/wp-content\/uploads\/2018\/06\/Rathmayr-Auszeichnungen.jpg 1107w\" sizes=\"(max-width: 1024px) 100vw, 1024px\" \/><\/p>\n<p>[\/et_pb_text][\/et_pb_column][\/et_pb_row][et_pb_row _builder_version=&#8220;3.1.1&#8243;][et_pb_column type=&#8220;4_4&#8243;][et_pb_text _builder_version=&#8220;3.1.1&#8243; text_font=&#8220;||||||||&#8220; header_font=&#8220;Droid Serif||||||||&#8220; header_2_font=&#8220;Droid Serif||||||||&#8220; header_3_font=&#8220;Droid Serif||||||||&#8220;]<\/p>\n<h1 style=\"text-align: center;\"><span style=\"color: #0f8700;\">Wir freuen uns auf Ihren Besuch und bedanken uns <\/span><br \/>\n<span style=\"color: #0f8700;\">bei all unseren treuen Kunden der letzten Jahre.<\/span><\/h1>\n<p>[\/et_pb_text][\/et_pb_column][\/et_pb_row][\/et_pb_section][et_pb_section bb_built=&#8220;1&#8243; _builder_version=&#8220;3.1.1&#8243; custom_padding=&#8220;3px|0px|62.84375px|0px&#8220; global_module=&#8220;239&#8243; prev_background_color=&#8220;#000000&#8243;][et_pb_row global_parent=&#8220;239&#8243; custom_padding=&#8220;0|0px|14px|0px&#8220; padding_top_1=&#8220;30px&#8220; padding_top_2=&#8220;30px&#8220; padding_right_1=&#8220;30px&#8220; padding_right_2=&#8220;30px&#8220; padding_bottom_1=&#8220;30px&#8220; padding_bottom_2=&#8220;30px&#8220; padding_left_1=&#8220;30px&#8220; padding_left_2=&#8220;30px&#8220; _builder_version=&#8220;3.1.1&#8243; background_color=&#8220;#0f8700&#8243; background_size=&#8220;initial&#8220; background_position=&#8220;top_left&#8220; background_repeat=&#8220;repeat&#8220;][et_pb_column type=&#8220;1_2&#8243;][et_pb_text global_parent=&#8220;239&#8243; _builder_version=&#8220;3.1.1&#8243; inline_fonts=&#8220;Droid Serif&#8220;]<\/p>\n<p><span style=\"font-family: 'Droid Serif'; font-weight: normal; color: #ffffff;\">Wir freuen uns auf Ihren Besuch:<\/span><br \/>\n<span style=\"font-family: 'Droid Serif'; font-weight: normal; color: #ffffff;\"> <img loading=\"lazy\" class=\"alignnone wp-image-202\" src=\"https:\/\/hofladen-rathmayr.at\/wp-content\/uploads\/2018\/05\/Rathmayr_Logo-300x157.png\" alt=\"\" width=\"177\" height=\"93\" srcset=\"https:\/\/hofladen-rathmayr.at\/wp-content\/uploads\/2018\/05\/Rathmayr_Logo-300x157.png 300w, https:\/\/hofladen-rathmayr.at\/wp-content\/uploads\/2018\/05\/Rathmayr_Logo-768x402.png 768w, https:\/\/hofladen-rathmayr.at\/wp-content\/uploads\/2018\/05\/Rathmayr_Logo-1024x536.png 1024w, https:\/\/hofladen-rathmayr.at\/wp-content\/uploads\/2018\/05\/Rathmayr_Logo-1080x565.png 1080w, https:\/\/hofladen-rathmayr.at\/wp-content\/uploads\/2018\/05\/Rathmayr_Logo.png 1280w\" sizes=\"(max-width: 177px) 100vw, 177px\" \/><\/span><br \/>\n<span style=\"font-family: 'Droid Serif'; font-weight: normal; color: #ffffff;\">Karin &amp; Fritz Rathmayr<br \/>\nKarling 36, 4081 Hartkirchen<\/span><\/p>\n<p><span style=\"font-family: 'Droid Serif'; font-weight: normal; color: #ffffff;\">Wir freuen uns auf Anruf\/Email f\u00fcr Bestellungen:<\/span><br \/>\n<span style=\"font-family: 'Droid Serif'; font-weight: normal; color: #ffffff;\"> Telefon: 0 7273 20219<br \/>\nMobil: 0 664 2328725<\/span><br \/>\n<span style=\"font-family: 'Droid Serif'; font-weight: normal; color: #ffffff;\"> E-Mail:\u00a0<a style=\"color: #ffffff;\" title=\"mailto:f.rathmayr@gmx.at\" href=\"mailto:f.rathmayr@gmx.at\">f.rathmayr@gmx.at<\/a><\/span><\/p>\n<p>[\/et_pb_text][\/et_pb_column][et_pb_column type=&#8220;1_2&#8243;][et_pb_text global_parent=&#8220;239&#8243; _builder_version=&#8220;3.1.1&#8243; inline_fonts=&#8220;Droid Serif&#8220;]<\/p>\n<p><span style=\"color: #ffffff; font-family: 'Droid Serif';\">Unser \u00d6ffnungszeiten:<br \/>\nMontag, Donnerstag, Freitag<br \/>\nund Samstag: 8.00 \u2013 12.00 Uhr, 13.00 \u2013 18.00 Uhr Dienstag<br \/>\nund Mittwoch:\u00a08.00 \u2013 12.00 Uhr<\/span><\/p>\n<p><span style=\"color: #ffffff; font-family: 'Droid Serif';\"><a style=\"color: #ffffff;\" href=\"https:\/\/hofladen-rathmayr.at\/\">Schmankerl Hofladen<\/a> <\/span><br \/>\n<span style=\"color: #ffffff; font-family: 'Droid Serif';\"><a style=\"color: #ffffff;\" href=\"https:\/\/hofladen-rathmayr.at\/index.php\/produkte-und-service\/\">Produkte &amp; Service<\/a> <\/span><br \/>\n<span style=\"color: #ffffff; font-family: 'Droid Serif';\"><a style=\"color: #ffffff;\" href=\"https:\/\/hofladen-rathmayr.at\/index.php\/familie-rathmayr\/\">Familie Rathmayr<\/a> <\/span><br \/>\n<span style=\"color: #ffffff; font-family: 'Droid Serif';\"><a style=\"color: #ffffff;\" href=\"https:\/\/hofladen-rathmayr.at\/index.php\/kontakt\/\">Anfahrt &amp; Kontakt<\/a> <\/span><br \/>\n<span style=\"color: #ffffff; font-family: 'Droid Serif';\"><a style=\"color: #ffffff;\" href=\"https:\/\/hofladen-rathmayr.at\/index.php\/impressum\/\">Impressum<\/a> <\/span><br \/>\n<a href=\"https:\/\/hofladen-rathmayr.at\/index.php\/datenschutz\/\"><span style=\"color: #ffffff;\"><span style=\"font-family: 'Droid Serif';\">Datenschutz<\/span><\/span><\/a><\/p>\n<p><span style=\"color: #ffffff;\"><a style=\"color: #ffffff;\" href=\"https:\/\/www.facebook.com\/Schmankerlhof\"><img loading=\"lazy\" class=\"wp-image-265 alignnone size-full\" src=\"https:\/\/hofladen-rathmayr.at\/wp-content\/uploads\/2018\/05\/fbiconfwhite.png\" alt=\"\" width=\"19\" height=\"18\" srcset=\"https:\/\/hofladen-rathmayr.at\/wp-content\/uploads\/2018\/05\/fbiconfwhite.png 152w, https:\/\/hofladen-rathmayr.at\/wp-content\/uploads\/2018\/05\/fbiconfwhite-150x150.png 150w\" sizes=\"(max-width: 19px) 100vw, 19px\" \/>\u00a0www.facebook.com\/Schmankerlhof<\/a><\/span><\/p>\n<p>[\/et_pb_text][\/et_pb_column][\/et_pb_row][\/et_pb_section]<\/p>\n","protected":false},"excerpt":{"rendered":"<p>Wir sind ein traditioneller Familienbetrieb seit \u00fcber 25 Jahren. Wir haben 2009 den elterlichen Betrieb und Erbhof \u00fcbernommen. Uns ist h\u00f6chste Qualit\u00e4t und artgerechte Haltung der Tiere ein grosses Anliegen.\u00a0Unsere Schweine geniessen den Luxus auf Stroh zu leben werden durch betriebseigene Futtermittel versorgt. Wir freuen uns \u00fcber die vielen Auszeichnungen f\u00fcr unseren Speck. Speckkaiser (M\u00e4rz [&hellip;]<\/p>\n","protected":false},"author":1,"featured_media":0,"parent":0,"menu_order":0,"comment_status":"closed","ping_status":"closed","template":"","meta":{"_et_pb_use_builder":"on","_et_pb_old_content":"","_et_gb_content_width":""},"_links":{"self":[{"href":"https:\/\/hofladen-rathmayr.at\/index.php\/wp-json\/wp\/v2\/pages\/19"}],"collection":[{"href":"https:\/\/hofladen-rathmayr.at\/index.php\/wp-json\/wp\/v2\/pages"}],"about":[{"href":"https:\/\/hofladen-rathmayr.at\/index.php\/wp-json\/wp\/v2\/types\/page"}],"author":[{"embeddable":true,"href":"https:\/\/hofladen-rathmayr.at\/index.php\/wp-json\/wp\/v2\/users\/1"}],"replies":[{"embeddable":true,"href":"https:\/\/hofladen-rathmayr.at\/index.php\/wp-json\/wp\/v2\/comments?post=19"}],"version-history":[{"count":23,"href":"https:\/\/hofladen-rathmayr.at\/index.php\/wp-json\/wp\/v2\/pages\/19\/revisions"}],"predecessor-version":[{"id":483,"href":"https:\/\/hofladen-rathmayr.at\/index.php\/wp-json\/wp\/v2\/pages\/19\/revisions\/483"}],"wp:attachment":[{"href":"https:\/\/hofladen-rathmayr.at\/index.php\/wp-json\/wp\/v2\/media?parent=19"}],"curies":[{"name":"wp","href":"https:\/\/api.w.org\/{rel}","templated":true}]}}

<p>[et_pb_section bb_built=&#8220;1&#8243; _builder_version=&#8220;3.0.47&#8243; custom_padding=&#8220;22px|0px|7px|0px&#8220; next_background_color=&#8220;#000000&#8243;][et_pb_row custom_padding=&#8220;29px|0px|0|0&#8243; background_color_1=&#8220;#f2f2f2&#8243; padding_top_1=&#8220;20px&#8220; padding_right_1=&#8220;20px&#8220; padding_bottom_1=&#8220;20px&#8220; padding_left_1=&#8220;20px&#8220; _builder_version=&#8220;3.1.1&#8243; background_size=&#8220;initial&#8220; background_position=&#8220;top_left&#8220; background_repeat=&#8220;repeat&#8220; module_alignment=&#8220;center&#8220; animation_style=&#8220;fade&#8220;][et_pb_column type=&#8220;1_3&#8243;][et_pb_text _builder_version=&#8220;3.1.1&#8243; text_font=&#8220;Droid Serif||||||||&#8220; text_text_color=&#8220;#3a3a3a&#8220; header_font=&#8220;||||||||&#8220; header_3_font=&#8220;Droid Serif||||||||&#8220; header_3_text_color=&#8220;#0f8700&#8243;]</p>
<h3>Wir sind ein traditioneller Familienbetrieb seit über<br />
25 Jahren.</h3>
<p>Wir haben 2009 den elterlichen Betrieb und Erbhof übernommen.</p>
<p><img loading="lazy" class="wp-image-452 alignnone size-medium" style="display: block; margin-left: auto; margin-right: auto;" src="https://hofladen-rathmayr.at/wp-content/uploads/2018/06/Rathmayr-Erbhof-300x225.jpg" alt="" width="322" height="242" srcset="https://hofladen-rathmayr.at/wp-content/uploads/2018/06/Rathmayr-Erbhof-300x225.jpg 300w, https://hofladen-rathmayr.at/wp-content/uploads/2018/06/Rathmayr-Erbhof-768x576.jpg 768w, https://hofladen-rathmayr.at/wp-content/uploads/2018/06/Rathmayr-Erbhof-1024x768.jpg 1024w, https://hofladen-rathmayr.at/wp-content/uploads/2018/06/Rathmayr-Erbhof-510x382.jpg 510w, https://hofladen-rathmayr.at/wp-content/uploads/2018/06/Rathmayr-Erbhof-1080x810.jpg 1080w, https://hofladen-rathmayr.at/wp-content/uploads/2018/06/Rathmayr-Erbhof.jpg 1600w" sizes="(max-width: 322px) 100vw, 322px" /></p>
<p>[/et_pb_text][/et_pb_column][et_pb_column type=&#8220;2_3&#8243;][et_pb_image src=&#8220;https://hofladen-rathmayr.at/wp-content/uploads/2018/06/Familie-Rathmayr-2018.jpg&#8220; _builder_version=&#8220;3.1.1&#8243; background_color=&#8220;#ffffff&#8220; custom_margin=&#8220;|||0px&#8220;]<br />
[/et_pb_image][/et_pb_column][/et_pb_row][et_pb_row custom_padding=&#8220;10px|0px|6px|0px&#8220; _builder_version=&#8220;3.1.1&#8243; module_alignment=&#8220;center&#8220;][et_pb_column type=&#8220;1_2&#8243;][et_pb_text _builder_version=&#8220;3.1.1&#8243; text_font=&#8220;Droid Serif||||||||&#8220; header_font=&#8220;||||||||&#8220;]<br />
[/et_pb_text][et_pb_text _builder_version=&#8220;3.1.1&#8243; text_font=&#8220;Droid Serif||||||||&#8220; text_text_color=&#8220;#000000&#8243; max_width=&#8220;82%&#8220;]</p>
<p style="text-align: justify;">Uns ist höchste Qualität und artgerechte Haltung der Tiere ein grosses Anliegen. Unsere Schweine geniessen den Luxus auf Stroh zu leben werden durch betriebseigene Futtermittel versorgt.</p>
<p><img loading="lazy" class="wp-image-437 alignnone size-large" src="https://hofladen-rathmayr.at/wp-content/uploads/2018/06/Hofladen-Rathmayr-Schweinestall-1024x709.jpg" alt="" width="424" height="294" srcset="https://hofladen-rathmayr.at/wp-content/uploads/2018/06/Hofladen-Rathmayr-Schweinestall-1024x709.jpg 1024w, https://hofladen-rathmayr.at/wp-content/uploads/2018/06/Hofladen-Rathmayr-Schweinestall-300x208.jpg 300w, https://hofladen-rathmayr.at/wp-content/uploads/2018/06/Hofladen-Rathmayr-Schweinestall-768x532.jpg 768w, https://hofladen-rathmayr.at/wp-content/uploads/2018/06/Hofladen-Rathmayr-Schweinestall-1080x748.jpg 1080w, https://hofladen-rathmayr.at/wp-content/uploads/2018/06/Hofladen-Rathmayr-Schweinestall.jpg 1600w" sizes="(max-width: 424px) 100vw, 424px" /></p>
<p>[/et_pb_text][/et_pb_column][et_pb_column type=&#8220;1_2&#8243;][et_pb_text _builder_version=&#8220;3.1.1&#8243;]<br />
[/et_pb_text][/et_pb_column][/et_pb_row][et_pb_row custom_padding=&#8220;10px|0px|27px|0px&#8220; _builder_version=&#8220;3.1.1&#8243;][et_pb_column type=&#8220;1_2&#8243;][/et_pb_column][et_pb_column type=&#8220;1_2&#8243;][et_pb_text _builder_version=&#8220;3.1.1&#8243; text_font=&#8220;Droid Serif||||||||&#8220;]</p>
<p><span style="color: #000000;">Wir freuen uns über die vielen Auszeichnungen für unseren Speck.</span></p>
<p><span style="color: #000000;"><em><strong>Speckkaiser (</strong>März 2018) &#8211; Schinkenspeck</em></span><br />
<em><span style="color: #000000;"><strong>SpreckKrone (</strong>Mai 2018) &#8211; Schinkenspeck</span><br />
</em><br />
<img loading="lazy" class="wp-image-467 alignnone size-large" src="https://hofladen-rathmayr.at/wp-content/uploads/2018/06/Rathmayr-Auszeichnungen-1024x512.jpg" alt="" width="1024" height="512" srcset="https://hofladen-rathmayr.at/wp-content/uploads/2018/06/Rathmayr-Auszeichnungen-1024x512.jpg 1024w, https://hofladen-rathmayr.at/wp-content/uploads/2018/06/Rathmayr-Auszeichnungen-300x150.jpg 300w, https://hofladen-rathmayr.at/wp-content/uploads/2018/06/Rathmayr-Auszeichnungen-768x384.jpg 768w, https://hofladen-rathmayr.at/wp-content/uploads/2018/06/Rathmayr-Auszeichnungen-1080x540.jpg 1080w, https://hofladen-rathmayr.at/wp-content/uploads/2018/06/Rathmayr-Auszeichnungen.jpg 1107w" sizes="(max-width: 1024px) 100vw, 1024px" /></p>
<p>[/et_pb_text][/et_pb_column][/et_pb_row][et_pb_row _builder_version=&#8220;3.1.1&#8243;][et_pb_column type=&#8220;4_4&#8243;][et_pb_text _builder_version=&#8220;3.1.1&#8243; text_font=&#8220;||||||||&#8220; header_font=&#8220;Droid Serif||||||||&#8220; header_2_font=&#8220;Droid Serif||||||||&#8220; header_3_font=&#8220;Droid Serif||||||||&#8220;]</p>
<h1 style="text-align: center;"><span style="color: #0f8700;">Wir freuen uns auf Ihren Besuch und bedanken uns </span><br />
<span style="color: #0f8700;">bei all unseren treuen Kunden der letzten Jahre.</span></h1>
<p>[/et_pb_text][/et_pb_column][/et_pb_row][/et_pb_section][et_pb_section bb_built=&#8220;1&#8243; _builder_version=&#8220;3.1.1&#8243; custom_padding=&#8220;3px|0px|62.84375px|0px&#8220; global_module=&#8220;239&#8243; prev_background_color=&#8220;#000000&#8243;][et_pb_row global_parent=&#8220;239&#8243; custom_padding=&#8220;0|0px|14px|0px&#8220; padding_top_1=&#8220;30px&#8220; padding_top_2=&#8220;30px&#8220; padding_right_1=&#8220;30px&#8220; padding_right_2=&#8220;30px&#8220; padding_bottom_1=&#8220;30px&#8220; padding_bottom_2=&#8220;30px&#8220; padding_left_1=&#8220;30px&#8220; padding_left_2=&#8220;30px&#8220; _builder_version=&#8220;3.1.1&#8243; background_color=&#8220;#0f8700&#8243; background_size=&#8220;initial&#8220; background_position=&#8220;top_left&#8220; background_repeat=&#8220;repeat&#8220;][et_pb_column type=&#8220;1_2&#8243;][et_pb_text global_parent=&#8220;239&#8243; _builder_version=&#8220;3.1.1&#8243; inline_fonts=&#8220;Droid Serif&#8220;]</p>
<p><span style="font-family: 'Droid Serif'; font-weight: normal; color: #ffffff;">Wir freuen uns auf Ihren Besuch:</span><br />
<span style="font-family: 'Droid Serif'; font-weight: normal; color: #ffffff;"> <img loading="lazy" class="alignnone wp-image-202" src="https://hofladen-rathmayr.at/wp-content/uploads/2018/05/Rathmayr_Logo-300x157.png" alt="" width="177" height="93" srcset="https://hofladen-rathmayr.at/wp-content/uploads/2018/05/Rathmayr_Logo-300x157.png 300w, https://hofladen-rathmayr.at/wp-content/uploads/2018/05/Rathmayr_Logo-768x402.png 768w, https://hofladen-rathmayr.at/wp-content/uploads/2018/05/Rathmayr_Logo-1024x536.png 1024w, https://hofladen-rathmayr.at/wp-content/uploads/2018/05/Rathmayr_Logo-1080x565.png 1080w, https://hofladen-rathmayr.at/wp-content/uploads/2018/05/Rathmayr_Logo.png 1280w" sizes="(max-width: 177px) 100vw, 177px" /></span><br />
<span style="font-family: 'Droid Serif'; font-weight: normal; color: #ffffff;">Karin &amp; Fritz Rathmayr<br />
Karling 36, 4081 Hartkirchen</span></p>
<p><span style="font-family: 'Droid Serif'; font-weight: normal; color: #ffffff;">Wir freuen uns auf Anruf/Email für Bestellungen:</span><br />
<span style="font-family: 'Droid Serif'; font-weight: normal; color: #ffffff;"> Telefon: 0 7273 20219<br />
Mobil: 0 664 2328725</span><br />
<span style="font-family: 'Droid Serif'; font-weight: normal; color: #ffffff;"> E-Mail: <a style="color: #ffffff;" title="mailto:f.rathmayr@gmx.at" href="mailto:f.rathmayr@gmx.at">f.rathmayr@gmx.at</a></span></p>
<p>[/et_pb_text][/et_pb_column][et_pb_column type=&#8220;1_2&#8243;][et_pb_text global_parent=&#8220;239&#8243; _builder_version=&#8220;3.1.1&#8243; inline_fonts=&#8220;Droid Serif&#8220;]</p>
<p><span style="color: #ffffff; font-family: 'Droid Serif';">Unser Öffnungszeiten:<br />
Montag, Donnerstag, Freitag<br />
und Samstag: 8.00 – 12.00 Uhr, 13.00 – 18.00 Uhr Dienstag<br />
und Mittwoch: 8.00 – 12.00 Uhr</span></p>
<p><span style="color: #ffffff; font-family: 'Droid Serif';"><a style="color: #ffffff;" href="https://hofladen-rathmayr.at/">Schmankerl Hofladen</a> </span><br />
<span style="color: #ffffff; font-family: 'Droid Serif';"><a style="color: #ffffff;" href="https://hofladen-rathmayr.at/index.php/produkte-und-service/">Produkte &amp; Service</a> </span><br />
<span style="color: #ffffff; font-family: 'Droid Serif';"><a style="color: #ffffff;" href="https://hofladen-rathmayr.at/index.php/familie-rathmayr/">Familie Rathmayr</a> </span><br />
<span style="color: #ffffff; font-family: 'Droid Serif';"><a style="color: #ffffff;" href="https://hofladen-rathmayr.at/index.php/kontakt/">Anfahrt &amp; Kontakt</a> </span><br />
<span style="color: #ffffff; font-family: 'Droid Serif';"><a style="color: #ffffff;" href="https://hofladen-rathmayr.at/index.php/impressum/">Impressum</a> </span><br />
<a href="https://hofladen-rathmayr.at/index.php/datenschutz/"><span style="color: #ffffff;"><span style="font-family: 'Droid Serif';">Datenschutz</span></span></a></p>
<p><span style="color: #ffffff;"><a style="color: #ffffff;" href="https://www.facebook.com/Schmankerlhof"><img loading="lazy" class="wp-image-265 alignnone size-full" src="https://hofladen-rathmayr.at/wp-content/uploads/2018/05/fbiconfwhite.png" alt="" width="19" height="18" srcset="https://hofladen-rathmayr.at/wp-content/uploads/2018/05/fbiconfwhite.png 152w, https://hofladen-rathmayr.at/wp-content/uploads/2018/05/fbiconfwhite-150x150.png 150w" sizes="(max-width: 19px) 100vw, 19px" /> www.facebook.com/Schmankerlhof</a></span></p>
<p>[/et_pb_text][/et_pb_column][/et_pb_row][/et_pb_section]</p>

<p>Wir sind ein traditioneller Familienbetrieb seit über 25 Jahren. Wir haben 2009 den elterlichen Betrieb und Erbhof übernommen. Uns ist höchste Qualität und artgerechte Haltung der Tiere ein grosses Anliegen. Unsere Schweine geniessen den Luxus auf Stroh zu leben werden durch betriebseigene Futtermittel versorgt. Wir freuen uns über die vielen Auszeichnungen für unseren Speck. Speckkaiser (März [&hellip;]</p>
